f (-1 - m)/(((-4)/64)/1)?
2
Let g = 17062 - 11094. List the prime factors of g.
2, 373
Let d = 1790 - 1483. Let r = -230 - -29. Let w = r + d. What are the prime factors of w?
2, 53
Let j(r) = -r**3 - 11*r**2 + 10*r - 15. Let i be j(-12). List the prime factors of (-6)/(-18) - (-3372)/i.
3, 5
Let c be (-7)/42*2 - 314/3. Let g be -1 - (c/(-3) - -3). Let b = g - -114. What are the prime factors of b?
3, 5
Let s = -2392 + 15310. What are the prime factors of s?
2, 3, 2153
Suppose 238836 = 63*g - 24*g. List the prime factors of g.
2, 1531
Suppose 11*w - 130 - 90 = 0. Suppose 0 = -w*n + 4593 + 3547. What are the prime factors of n?
11, 37
Let w be 8/12*15/10. Let p(a) = 9*a - 1. Let n be p(w). Suppose -n*g + 918 = -98. List the prime factors of g.
127
Let u(m) = 4*m**2 - 4*m + 5. Let k(l) = -l**2 + l + 1. Let b(a) = -5*k(a) - u(a). Let f be b(-3). What are the prime factors of 22*(1*(2 - -13))/f?
3, 5, 11
Let b be (3/(-6)*-1)/(16/51936). Let g = -930 + b. What are the prime factors of g?
3, 7, 11
Let z(p) be the second derivative of 5*p**4/6 + 14*p**3/3 - 3*p**2 + 35*p. What are the prime factors of z(6)?
2, 3, 29
Suppose 14*w + 72 = 2. List the prime factors of (-3399)/w - 108/135.
7, 97
Suppose 178*p + 2455424 = 7112438. List the prime factors of p.
3, 17, 19
Let l = 206 + -138. Suppose -52944 = -l*t + 20*t. What are the prime factors of t?
1103
Let p = -30 + 37. Let y be (-1 + 0 + -9 + p)*-11. List the prime factors of ((-11)/y)/(2/(-342)).
3, 19
Let y(v) = 7*v**2 + 7*v + 51. What are the prime factors of y(27)?
3, 13, 137
Suppose v - 4*t = 64 + 42, 514 = 5*v - 4*t. Suppose 109*u = v*u + 1442. List the prime factors of u.
2, 103
Let i(m) = 6*m**2 - 27*m + 1300. What are the prime factors of i(-41)?
13, 31
Let x be 2 + 1 + (0 - (2 + -2)). Suppose 2*y = 3*n + 2 - 5, 0 = x*y - 2*n + 2. Suppose y = 2*i + 8*i - 350. List the prime factors of i.
5, 7
Let z = 91 + -93. Let k be (z + (-2822)/(-6))/((-1)/(-3)). Suppose -5*u - 2*l = -k, -6*u - 2*l + 568 = -4*u. List the prime factors of u.
3, 31
Let a(t) = 15*t - 103. Let m be a(7). Let w(l) = 87*l**3 - 10*l**2 - 3*l + 4. What are the prime factors of w(m)?
2, 3, 109
Suppose 637776 = 55*a + 74*a. What are the prime factors of a?
2, 3, 103
Suppose 529*s - 3557 = 526*s - 4*i, -5*s - 5*i = -5935. List the prime factors of s.
3, 397
Let g(n) = -27*n + 18. Let m be g(-4). Let l = -121 + m. Suppose l*b = 4*b + 14. What are the prime factors of b?
2, 7
Let z = 1387 + -878. Suppose n = z - 477. What are the prime factors of n?
2
List the prime factors of (0 + (-558)/(-27))/((-22)/(-3531)).
31, 107
Let z be (-2)/6 - (-2 - 4/12). Let m(h) be the second derivative of h**3/2 + 3*h**2/2 - 6*h. What are the prime factors of m(z)?
3
Let u = 13951 - -5868. List the prime factors of u.
19819
What are the prime factors of (-2)/3*(-2 + (-575)/2)*36?
2, 3, 193
Let k(y) = 2*y**3 + 12*y**2 + y + 1. Let h be k(-5). Let u = -43 + h. List the prime factors of 18 + -3 - (-3 + u).
3, 5
Suppose 2*g - 59854 = -5*u, 61*u - 47879 = 57*u - 3*g. What are the prime factors of u?
2, 41, 73
Let b(q) = -2*q + 12. Let z be b(-15). List the prime factors of (-105)/z*((-427)/5 + 1).
211
Let l(f) = 439*f**3 - 447*f**3 + f**2 - 4*f**2 + 3. Let k = -51 - -48. List the prime factors of l(k).
2, 3
Suppose 95*j - 103*j = 0. Suppose j = -30*x + 20*x + 1700. List the prime factors of x.
2, 5, 17
Let s(z) = -z**2 + 5*z + 53. Let b be s(-5). Suppose w + h = -b*w + 1288, -3*h = w - 333. List the prime factors of w.
3, 107
Let i(x) = -x - 42. Let a be i(-20). Let g(z) = z**2 + 7*z + 110. What are the prime factors of g(a)?
2, 5, 11
Let u = 8024 + 447. List the prime factors of u.
43, 197
Let x be 0*(-1 - -2 - 2). Let m = 7 + x. List the prime factors of (4 - 4) + m + 2.
3
Let i = 189 - 185. Suppose 0*w + 1099 = y - i*w, 4*w = -3*y + 3313. List the prime factors of y.
1103
Suppose 1537 + 822 = 7*h. Suppose -663 - h = -5*v. List the prime factors of v.
2, 5
Suppose 12*d - 7*d = 110. Let q = 12 + d. Suppose -2*l - 19 = 2*u - 3*u, 5*l = u - q. List the prime factors of u.
3
Let a(c) = -7855*c**3 - 17*c**2 + 2*c + 2. List the prime factors of a(-1).
2, 3919
Let j(k) = 21*k**2 - 3*k - 63. What are the prime factors of j(13)?
3, 383
Suppose 2*f - 5*q = 34270, 90*q + 51405 = 3*f + 89*q. What are the prime factors of f?
5, 23, 149
Let f(l) = 5*l**2 + 9*l - 105. Let i be (-3)/6 + 1/2*17. List the prime factors of f(i).
7, 41
Suppose -5*y + 536 = -124. Suppose y*m = 131*m + 573. What are the prime factors of m?
3, 191
Let h = -11405 - 24775. List the prime factors of (2/(-5))/(36/h).
2, 3, 67
Suppose -5094 + 1725 = -3*m + 3*u, 0 = 2*m + u - 2258. Suppose -7*y + m = 140. List the prime factors of y.
3, 47
Let y(a) = -2*a**2 + 17*a - 43. Let n be y(22). Let f = n + 981. Suppose -2*v - 588 = -5*i - 3*v, 5*v = -3*i + f. What are the prime factors of i?
2, 59
Let s be 8/(-8)*1/(2/10). Let l(o) = -8*o**2 + o. Let k be l(3). What are the prime factors of (-8)/4 - k - s?
2, 3
Suppose 1919892 - 3717957 - 2302003 = -254*r. What are the prime factors of r?
2, 7, 1153
Let j(w) = 12*w**3 + 243*w**2 + 40*w - 25. List the prime factors of j(-19).
2, 5, 463
Let z = 1460 + -726. List the prime factors of z.
2, 367
Let x = -10263 - -25061. What are the prime factors of x?
2, 7, 151
What are the prime factors of 2 - (2 + 94/(-8))*(-433680)/(-130)?
2, 19, 107
Suppose 2*f = f - 1, -2*f - 48 = 2*j. Let o(h) = h**3 - 14*h**2 + 21*h + 25. Let u be o(11). Let i = j - u. What are the prime factors of i?
2, 3, 7
Let c(x) = -9*x**3 + 5*x**2 - 5*x + 10. Let q be c(4). Let s(a) = -3*a**3 + 12*a**2 - 20*a + 5. Let w be s(6). Let t = w - q. What are the prime factors of t?
5, 7
Let o(y) = 29*y**2 + 2*y - 39. Let w be o(7). Suppose -1763 - w = -13*t. List the prime factors of t.
3
Suppose 3*b = 15, 4*s - 1 = b + 2. Suppose h - 4 + 17 = -5*f, 0 = -3*h - s*f. What are the prime factors of (-52)/(-10)*(h - -3)?
2, 13
Let x(l) = 7*l**2 - 403 - 424 + 855 + 2*l. List the prime factors of x(-14).
2, 7
Let h be 8553 + -2 - (1 - -19)/(-5). Suppose 5*c = 3*k + 1286 + h, -7877 = -4*c + k. What are the prime factors of c?
2, 5, 197
Suppose -129*i + 246349 = -70088. What are the prime factors of i?
11, 223
Suppose 6*p = -i + 4*p + 54, -4*p - 16 = 0. Suppose i*y - 17*y - 8820 = 0. What are the prime factors of y?
2, 7
Suppose -2 = -2*t + 6. Let o be (52/234)/((-2)/(-18)). Suppose -28 = -o*r - 5*w + 34, -8 = -t*w. List the prime factors of r.
2, 13
Let i(p) be the third derivative of p**4/8 + 11*p**3/6 + 30*p**2. Let f be i(-6). Let b(n) = 2*n**2 + n. What are the prime factors of b(f)?
7, 13
Suppose -3*c = -5*l - 20, 6*c - 3*l - 12 = 5*c. Suppose -3*i + 1139 = 3*p + 101, 5*p + 3*i - 1728 = c. What are the prime factors of p?
3, 5, 23
List the prime factors of (8714/16)/(3/(-432)*-18).
4357
Suppose 112 = x + 117, 3*x + 36712 = j. List the prime factors of j.
36697
Let j(g) = -3*g**3 + 15*g**2 + 82*g + 399. What are the prime factors of j(-29)?
181, 463
Suppose 2*y - 8 = -2*q + 4*y, 0 = q + 2*y + 8. Suppose -h - 5*h + 24 = q. Suppose r - 3 = h. List the prime factors of r.
7
Let b be 5*(105/(-25) - -3). What are the prime factors of (63/21)/(b/(-296))?
2, 37
Let i = -50658 + 84024. List the prime factors of i.
2, 3, 67, 83
Suppose -6*z - 2*z - 2120 = 0. Let g = z + 395. Let d = 16 + g. What are the prime factors of d?
2, 73
Let i = 738 - 703. What are the prime factors of 9/(-21) + 41105/i?
2, 587
Suppose 6*n = 2*n - 236. Let h = -56 - n. List the prime factors of (66/4)/(7/42) - h.
2, 3
Let t(x) = -18*x - 5. Let y = -20 - 19. Let o = y - -32. What are the prime factors of t(o)?
11
Let w(n) = 7*n**2 + 12*n + 69. Let r be w(-4). Let i be -4 + 26 + 2/(-1). Suppose -21*j + r = -i*j. What are the prime factors of j?
7, 19
Suppose -2*m - 432*j + 435*j = -5764, 3*m = 4*j + 8643. List the prime factors of m.
13, 17
Suppose -11 = -6*r + 7. Suppose 10 + 5 = r*y. Suppose -y*c + 12*c - 42 = 0. List the prime factors of c.
2, 3
Let d(m) be the second derivative of m**6/72 + 41*m**5/120 - 7*m**4/4 + 3*m. Let z(n) be the third derivative of d(n). What are the prime factors of z(6)?
101
Let y(n) = 62*n**2 + 2 - 1 - 61*n**2 - 10*n + 4*n. Suppose -3*a - k = 21, -3*a + k - 21 = 4*k. List the prime factors of y(a).
2, 23
Let v b